3 - -56623?
56626
In base 6, what is 0 - -244?
244
In base 10, what is 386593 - -8?
386601
In base 2, what is 110 + -10111001101?
-10111000111
In base 14, what is -912c + -5?
-9133
In base 12, what is 758 + -1b6?
562
In base 6, what is 0 + -13233?
-13233
In base 6, what is 234 - -204525?
205203
In base 12, what is 23 + -5508?
-54a5
In base 3, what is -10 + -120122221?
-120200001
In base 15, what is 36a88 + -4?
36a84
In base 15, what is -16 - -be?
a8
In base 14, what is 18973 - 1b?
18956
In base 3, what is 12102 + -120?
11212
In base 16, what is 8099 - 7?
8092
In base 9, what is 1 + -73366?
-73365
In base 16, what is 14be4 - 18?
14bcc
In base 7, what is -3 - 1465660?
-1465663
In base 10, what is 75 + 3040?
3115
In base 10, what is -8 + 43715?
43707
In base 16, what is 127 - 10e8?
-fc1
In base 9, what is 84 + -1271?
-1176
In base 9, what is 475 + 30?
515
In base 15, what is -a5ec + -1?
-a5ed
In base 10, what is 0 + 18945?
18945
In base 6, what is -412550 - 424?
-413414
In base 12, what is -1a1 + 269?
88
In base 14, what is -2a - -66a?
640
In base 10, what is -344047 - 2?
-344049
In base 9, what is 6533 + -121?
6412
In base 16, what is 2e44a + -3?
2e447
In base 12, what is 2161 - -24b?
23b0
In base 13, what is -570a + 5?
-5705
In base 13, what is -1858 - a?
-1865
In base 5, what is -33 + 11003102?
11003014
In base 12, what is 3 - 6b766?
-6b763
In base 12, what is 1b + 7b53?
7b72
In base 4, what is 2002303222 - -31?
2002303313
In base 6, what is -51 + 2321200?
2321105
In base 6, what is 130545 + -1?
130544
In base 15, what is -5 - -36ec?
36e7
In base 9, what is 6334407 - -5?
6334413
In base 5, what is 323 - 113114?
-112241
In base 9, what is -1460 - -324?
-1135
In base 16, what is -861c + 1?
-861b
In base 12, what is -7 + 2143a?
21433
In base 5, what is 121042341 + 10?
121042401
In base 10, what is 2 - 87836?
-87834
In base 2, what is 100 - -10101011010100?
10101011011000
In base 13, what is -2c88 + b?
-2c7a
In base 8, what is -51245 - -5?
-51240
In base 5, what is -3 + -410301?
-410304
In base 6, what is 41250 + 13?
41303
In base 2, what is 100 - 1011111100101011111?
-1011111100101011011
In base 16, what is -4 + -465c?
-4660
In base 5, what is 1021 - 12210?
-11134
In base 6, what is -2 - 4320?
-4322
In base 7, what is 110 + 35664?
36104
In base 9, what is 1714 + 100?
1814
In base 10, what is -126196 - 9?
-126205
In base 6, what is 1 + 203415?
203420
In base 15, what is -3 - -8c7e?
8c7b
In base 6, what is -21 - 1413203?
-1413224
In base 6, what is -5 + 323041?
323032
In base 15, what is -21 - -2093?
2072
In base 11, what is -a + 10551?
10542
In base 9, what is -62883 - 1?
-62884
In base 13, what is -2386c - 3?
-23872
In base 14, what is -1d36 - -2?
-1d34
In base 15, what is 9832 + 16?
9848
In base 14, what is 40 - 3ba?
-37a
In base 12, what is -344b + 115?
-3336
In base 5, what is 10 + 123422?
123432
In base 16, what is 5192 - -15?
51a7
In base 13, what is 2298 - -1c?
22b7
In base 14, what is 2b + -c9a?
-c6d
In base 7, what is -25 - -1636?
1611
In base 15, what is 35d0b + 3?
35d0e
In base 7, what is 2 - 4416?
-4414
In base 12, what is -2 + 195b6?
195b4
In base 9, what is -17 - 13136?
-13154
In base 5, what is 4041 - 4?
4032
In base 5, what is -1004012 - 0?
-1004012
In base 6, what is -413 + 401255?
400442
In base 6, what is 1023 - -5355?
10422
In base 15, what is 15 - -c9?
de
In base 8, what is 3 + -225026?
-225023
In base 16, what is 3 - 4156?
-4153
In base 12, what is -64b - 4a0?
-b2b
In base 11, what is -75 - -10607?
10542
In base 2, what is 1000001 - 10100001100011?
-10100000100010
In base 5, what is 2 + 42243?
42300
In base 11, what is 310aa - 4?
310a6
In base 15, what is 4b6 + 1c?
4d3
In base 11, what is -6a3 + 13?
-690
In base 8, what is -675 + -227?
-1124
In base 16, what is -da - -173?
99
In base 12, what is 26 + 3a87?
3ab1
In base 7, what is -463510 + 0?
-463510
In base 13, what is 0 + 43b4?
43b4
In base 6, what is -152404 - -3?
-152401
In base 10, what is 325324 - 0?
325324
In base 4, what is 21 - -1130?
1211
In base 3, what is -2102 - -120000010?
112220201
In base 5, what is 1 + -131034?
-131033
In base 4, what is -1 - -20021133?
20021132
In base 11, what is 5 - 7471a?
-74715
In base 5, what is -1 + -141011?
-141012
In base 10, what is 178535 + 2?
178537
In base 4, what is -23 + -2233111?
-2233200
In base 5, what is -2030300 - 31?
-2030331
In base 11, what is -369 + 1113?
855
In base 2, what is -1101000110000 - 1110?
-1101000111110
In base 3, what is -1210201210 + -102?
-1210202012
In base 15, what is 10 - 38591?
-38581
In base 12, what is 1692858 + 4?
1692860
In base 14, what is -15 - c88?
-c9d
In base 7, what is 1 - 1032503?
-1032502
In base 15, what is 1 + -804?
-803
In base 14, what is -11 - -3bd96?
3bd85
In base 11, what is 3166 + 20?
3186
In base 9, what is -4 - -1122?
1117
In base 7, what is -36 - 155001?
-155040
In base 7, what is -5 - 4342?
-4350
In base 11, what is -179582 + 2?
-179580
In base 2, what is -10010011001 - -10?
-10010010111
In base 14, what is 76cdd + 5?
76d04
In base 13, what is -135 + 5a1?
469
In base 15, what is 80632 + 1?
80633
In base 12, what is 837b - -10?
838b
In base 3, what is -1 + 1022110221212?
1022110221211
In base 12, what is 71950 - 6?
71946
In base 3, what is -2212021121 - -2?
-2212021112
In base 2, what is 100010011110010 - 10?
100010011110000
In base 10, what is -406 - -2280?
1874
In base 16, what is 120021 + 2?
120023
In base 6, what is -2053014 - 14?
-2053032
In base 9, what is 1306 - -35?
1342
In base 6, what is 102 + 4051?
4153
In base 7, what is -133624 - -3?
-133621
In base 14, what is c0 + -3a36?
-3956
In base 14, what is 5 + -45ac4?
-45abd
In base 14, what is 79bc0 - -1?
79bc1
In base 5, what is 30 - 4132041?
-4132011
In base 15, what is 1a1d8 + -3?
1a1d5
In base 5, what is -20 - -33003?
32433
In base 7, what is 5 - 646060?
-646052
In base 9, what is -558 + 16?
-542
In base 10, what is 0 - -187?
187
In base 8, what is 6325 - -4?
6331
In base 13, what is 276cb + -4?
276c7
In base 7, what is -2456 - 406?
-3165
In base 5, what is -13342413 + -2?
-13342420
In base 13, what is 1c - 58a3?
-5884
In base 7, what is 2101 - 630?
1141
In base 12, what is -13 - -1b4?
1a1
In base 10, what is 18 - 2759?
-2741
In base 5, what is -224 - -2313?
2034
In base 10, what is 0 - 80428?
-80428
In base 16, what is ded4 + f?
dee3
In base 7, what is 23241 + -32?
23206
In base 10, what is -6 - -5454?
5448
In base 6, what is -12243320 - -1?
-12243315
In base 14, what is a9 + 123c?
1307
In base 6, what is -123 + -24310?
-24433
In base 6, what is -3 - 115304?
-115311
In base 14, what is 1b19 + -2?
1b17
In base 11, what is -3 + 27a4?
27a1
In base 4, what is 3111223 + -2003?
3103220
In base 6, what is 2 - 10304550?
-10304544
In base 12, what is -10052 + -1?
-10053
In base 4, what is 13101 - 112321?
-33220
In base 9, what is -126133 + 4?
-126128
In base 16, what is -4 + 3f9ff?
3f9fb
In base 8, what is 1434 - -15?
1451
In base 8, what is 1777643 - 3?
1777640
In base 4, what is 2 - -111310002?
111310010
In base 15, what is -102 - 6ed?
-800
In base 15, what is 5 + 2951?
2956
In base 15, what is -4962 + -13?
-4975
In base 11, what is -380 - 121?
-4a1
In base 6, what is -2454 + -2230?
-5124
In base 14, what is 22cc4 + 2b?
22d11
In base 10, what is 959109 - 3?
959106
In base 11, what is 340 - 22a?
111
In base 10, what is 0 - -1962?
1962
In base 9, what is -26 - -238?
212
In base 4, what is 21001 - -1113?
22120
In base 11, what is 46 + -122?
-87
In base 8, what is -3 + -2130?
-2133
In base 2, what is 1011000000 + 100010?
1011100010
In base 4, what is -10 + -3320200?
-3320210
In base 14, what is 2 - -d7591?
d7593
In base 13, what is -461 - 636?
-a97
In base 6, what is 5 + -1031130?
-1031121
In base 16, what is -2442 + -1b8?
-25fa
In base 6, what is 5320 + 445?
10205
In base 10, what is -2 + -7002?
-7004
In base 5, what is -124220 + -3?
-124223
In base 14, what is 0 - a4085?
-a4085
In base 8, what is 624 - -446?
1272
In base 13, what is 1623 - 10?
1613
In base 8, what is 26132 + -106?
26024
In base 6, what is 5 + -103011302?
-103011253
In base 15, what is -15c - 1792?
-18ee
In base 8, what is -57 + 23024?
22745
In base 15, what is b + -1b77?
-1b6b
In base 15, what is -1bae + -1?
-1bb0
In base 7, what is -22111504 - -2?
-2211